st common factor of 2 and c.
2
Let y be 4 + 108 + -3 - -1. Calculate the greatest common factor of 44 and y.
22
Let f(i) = -6*i**2. Let b(n) = -7*n**2. Let c(p) = 5*b(p) - 6*f(p). Let u be 26/10 - 2/(-5). Let z be c(u). Calculate the greatest common divisor of 6 and z.
3
Suppose 0*j = 2*l - 3*j - 20, -3*j = 0. Suppose 2*s = -3*n - 3*s + 320, -421 = -4*n - s. Suppose -8*z = n - 665. What is the highest common divisor of z and l?
10
Let h be 0/2*(-1)/(-2). Suppose -t - t + 6 = h. What is the highest common factor of 3 and t?
3
Suppose 0 = -4*l + 3*l. Suppose a + 3 = -2*a, -2*p + 5*a + 197 = l. What is the highest common factor of p and 12?
12
Suppose 15*t - 72 = 12*t. Calculate the highest common factor of 3 and t.
3
Suppose h - 18 = f, h + 90 = 6*h + f. Let v = 3 + 3. What is the highest common divisor of v and h?
6
Let y(u) = -u**3 + 8*u**2 + 9*u + 12. Suppose -27 = -3*n - 0. Let s be y(n). Calculate the highest common factor of 24 and s.
12
Suppose -5*o + 2*o = -2*u - 23, -4*u = -2*o + 18. Let k = o - 0. Let b be 14/((12/3)/2). What is the greatest common divisor of b and k?
7
Let a(w) = -w**2 + 5*w - 6. Let d be a(8). Let n = d - -267. Let s = n + -169. What is the greatest common factor of s and 17?
17
Let y(k) = -k**3 + 1. Let n be y(-1). Let m be (1 - n) + 6 + 0. What is the highest common divisor of 5 and m?
5
Suppose 0 = -2*c - 4*k + 20, 5*k = -c - 0*c + 22. Suppose -c*w + 370 = 5*q, 5*q - 3*q = -w + 149. Calculate the greatest common divisor of 9 and q.
9
Let p be ((-30)/(-8))/((-3)/(-8)). Calculate the highest common divisor of 20 and p.
10
Let w(t) = -16*t + 6. Let n be w(-8). Suppose 5*o - n = 326. Suppose 5*x + 2*d - 6*d - 286 = 0, -2*x + o = 4*d. Calculate the greatest common factor of x and 6.
6
Let i be -1*(3 + 11/1)*-6. Calculate the greatest common divisor of 3 and i.
3
Suppose 5*t = 4*y + 24, -9 - 23 = -5*t + 2*y. Calculate the greatest common divisor of 10 and t.
2
Let h = -148 + 260. Let v(d) = d**2 - d - 6. Let q be v(-4). What is the greatest common divisor of h and q?
14
Let x(s) = s - 2. Let g be x(4). Suppose -3*f + 213 = 5*k, 188 = -g*k + 6*k - 2*f. Let j be k/12*(-16)/(-6). Calculate the highest common factor of j and 50.
10
Let n(r) = -r**2 + 3*r + 2. Let w(h) = h + 1. Let j be w(6). Suppose -j = 5*t - 22. Let q be n(t). What is the greatest common divisor of 14 and q?
2
Let w(p) = -p**3 + 9*p**2 - 4. Suppose -3*h = -0*h - 18. Let q be w(h). Let k be 2 + -4 + 1 + 14. Calculate the greatest common divisor of k and q.
13
Let p be 0 + 267 + (-7 - -5). Suppose -s + 194 = 2*q, -4*s - p = -5*q + 233. What is the highest common factor of q and 14?
14
Let u be 90/4 + 18/(-12). What is the greatest common divisor of 14 and u?
7
Suppose 3*f + 4*k = 127, 4*f - 5*f + k + 47 = 0. Calculate the highest common factor of f and 5.
5
Let g(n) = -n + 1. Let a be g(-4). Suppose -60 = -4*j + j. Calculate the greatest common factor of a and j.
5
Let t(s) = 2*s**2 + 12*s + 1. Let v be t(-7). Suppose -6*w = -w - 675. Calculate the greatest common divisor of v and w.
15
Suppose -17 = 16*g - 193. Suppose 0 = n - 77. What is the greatest common factor of n and g?
11
Let d(c) = c**2 + 24*c + 52. Let l be d(-30). What is the greatest common factor of 8 and l?
8
Suppose -5*w + 90 = 5*i, 30 = i + w + 4*w. Let n = i + -6. Calculate the greatest common factor of 6 and n.
3
Let l(k) = k + 1. Let q be l(-4). Let b be 8/(-12) + (-8)/q. Suppose 0 = b*p - 49 + 5. Calculate the greatest common divisor of 2 and p.
2
Let l = -3 - -6. Suppose 3*z - 3*i = 9, -3*z + 2*z + l = i. Calculate the highest common divisor of 21 and z.
3
Suppose 3*z - 7*z - 24 = 0. Let m = -1 - z. Suppose -d = -5*s - 25, -5*d + 4*s = -0*s - 62. What is the greatest common divisor of m and d?
5
Let s = 0 + 1. Let c = -165 + 172. Calculate the highest common factor of s and c.
1
Suppose -5*y - 3*m = -6*m - 28, -4*y + 16 = 4*m. Let i(d) = d**3 + 11*d**2 - d - 9. Let n be i(-11). What is the highest common divisor of n and y?
1
Suppose -5*x = -2*h - x + 92, 94 = 2*h - 2*x. Calculate the highest common divisor of h and 32.
16
Let c = -9 + 81. What is the greatest common divisor of 8 and c?
8
Let u be (-2)/9 + (-130)/(-18). Suppose 4*b + 9 - 13 = 0. Calculate the highest common factor of u and b.
1
Let s be (15/(-2))/(3/6). Let m = s - -132. Let f be (-26)/(-4)*8/4. Calculate the highest common factor of m and f.
13
Let t(n) = -n**2 + n + 2. Let v be t(-7). Let g = v + 84. Let w = g + -16. What is the highest common divisor of w and 70?
14
Let t be 10/20 - (-606)/4. Calculate the highest common divisor of t and 19.
19
Suppose b = -3*b + 52. What is the highest common divisor of b and 91?
13
Suppose 3*q - 4*u = -6 + 30, -4*u = 0. Let x(i) = i**2 + 3*i + 1. Let f be (-6)/(-2) - 9 - -3. Let p be x(f). Calculate the highest common factor of p and q.
1
Suppose -4*c + 33 = -5*j, -c + j = -3*j - 11. What is the highest common factor of c and 14?
7
Let d(k) = k**3 + 5*k**2 - k - 5. Let m be d(-4). Let b = 24 - m. What is the highest common divisor of 81 and b?
9
Suppose -2*s - 4 = 4, 4*s = -3*f + 194. Suppose 7*a - 70 = 2*a. What is the highest common factor of f and a?
14
Let p be (3 - 0) + -3 + 5. What is the highest common factor of p and 1?
1
Let g(n) = -7*n. Let a be g(-1). What is the highest common divisor of a and 21?
7
Suppose 55 = 2*k - 121. Suppose -4 = -4*a, -2*q + 2 = 3*a - 9. Let z(b) = 4*b - 5. Let o be z(q). What is the greatest common divisor of o and k?
11
Let s(t) = 5*t - 7. Let z(r) = -2*r - 1. Let f be z(-3). Let p be s(f). Suppose a - o = 3, a - p = -0*o - 4*o. What is the highest common factor of 30 and a?
6
Suppose 0*w = -2*w + 4. Let d(l) = -4*l**2 + l**2 + 3 - 3*l**3 - 1. Let g be d(-2). What is the highest common divisor of w and g?
2
Let i be 16/(-6)*(-63)/12. Suppose -41 - i = -5*t. Suppose -2*c - 29 + 117 = 0. What is the greatest common divisor of t and c?
11
Suppose -4*t + 5*t = 24. Let m be (-46)/(-4) + (-2)/(-4). Calculate the highest common factor of m and t.
12
Suppose g + 2 = 0, 0 = -2*x + 7*x + 5*g - 20. Calculate the greatest common divisor of x and 8.
2
Let x = 575 + -311. Let j = 6 + 18. What is the highest common factor of j and x?
24
Suppose 0*t - t + 95 = 0. Calculate the highest common factor of 19 and t.
19
Suppose -3*f + 7 = -2*f - 3*y, 0 = -4*f + 2*y - 22. Let o = f + 10. Suppose 0 = -o*m + 6 + 4. What is the greatest common divisor of m and 1?
1
Let i be -12*(2 + 50/(-15)). What is the highest common factor of 144 and i?
16
Let d be (-62)/(-6) + ((-16)/(-6))/4. What is the greatest common factor of d and 77?
11
Let p = 10 - 7. Suppose -p*y - 2*y + 90 = 0. What is the highest common divisor of 45 and y?
9
Suppose -3*c = -7*c - 8. Let n be (-3 - -2)/(c/14). Calculate the greatest common divisor of n and 49.
7
Suppose -18 = -2*t - t. Suppose 5*l + 9 = t*l. Calculate the highest common divisor of l and 9.
9
Let y(w) = 7*w + 3. Let a be y(3). Let n be 54/8 - (-6)/a. Suppose x = -3*v + 62, -3*x = -2*v + v + 24. Calculate the highest common divisor of v and n.
7
Let o(v) = v**3 + v**2 - 3. Let x be o(0). Let w = x + 7. Let q(z) = 3*z**2 - 4*z + 4. Let f be q(4). Calculate the highest common divisor of w and f.
4
Let v(c) = c**3 + 3*c**2 - 4*c + 3. Let a be v(-4). Suppose 2*i + i + w - 65 = 0, -a*w = 4*i - 95. What is the greatest common divisor of i and 10?
10
Let a(x) = -2*x - 4. Let i be a(-3). Calculate the greatest common factor of 18 and i.
2
Suppose 4*w + 7 = -9. Let r be 129 + w - 0/(-2). Suppose n - 6*n + r = 0. Calculate the highest common divisor of n and 5.
5
Let p = -21 - -23. Suppose 6*v = 4*v + p*i, 5*v = -3*i + 24. Calculate the greatest common factor of 6 and v.
3
Let o = 31 + -21. What is the greatest common divisor of o and 30?
10
Let v(x) = 0*x**2 + 2*x**2 - 4*x - x**2 + 3. Let k be v(3). Suppose k*u - u = -45. What is the greatest common factor of u and 9?
9
Let q(k) = k**2 + k - 1. Let l be q(-3). Suppose 5*h + 10*m - l*m - 60 = 0, -4 = -2*h + 3*m. Calculate the greatest common divisor of 2 and h.
2
Suppose -3*p + 3 = 4*f, f = -3*f - 5*p - 3. Suppose 0 = f*t - 2*z - 47, -3*z + 12 = -6*z. Calculate the highest common divisor of 13 and t.
13
Let p = 8 - 3. What is the highest common divisor of p and 2?
1
Suppose 336 = -2*n + 10*n. C